{"id":3,"date":"2023-01-19T11:30:25","date_gmt":"2023-01-19T10:30:25","guid":{"rendered":"http:\/\/wordpress2213679.home.pl\/?page_id=3"},"modified":"2023-01-19T14:26:43","modified_gmt":"2023-01-19T13:26:43","slug":"polityka-prywatnosci","status":"publish","type":"page","link":"https:\/\/gops.bejsce.eu\/gops\/?page_id=3","title":{"rendered":"Polityka prywatno\u015bci"},"content":{"rendered":"\r\n<h4 class=\"wp-block-heading\" style=\"text-align: justify;\"><strong>Polityka dotycz\u0105ca cookies i\u00a0podobnych technologii<\/strong><\/h4>\r\n<div class=\"content_wrap\">\r\n<h4 style=\"text-align: justify;\">Polityka plik\u00f3w cookies<\/h4>\r\n<h4 style=\"text-align: justify;\">Serwis gopsbejsce.pl u\u017cywa plik\u00f3w cookies i\u00a0podobnych technologii m.in.\u00a0po to, by\u00a0dostosowa\u0107 serwis do\u00a0potrzeb u\u017cytkownik\u00f3w, i\u00a0w\u00a0celach statystycznych.<\/h4>\r\n<h4 style=\"text-align: justify;\"><strong>Czym s\u0105 pliki \u201ecookies\u201d?<\/strong><\/h4>\r\n<h4 style=\"text-align: justify;\">Poprzez pliki \u201ecookies\u201d nale\u017cy rozumie\u0107 dane informatyczne, w\u00a0szczeg\u00f3lno\u015bci pliki tekstowe, przechowywane w\u00a0urz\u0105dzeniach ko\u0144cowych u\u017cytkownik\u00f3w przeznaczone do\u00a0korzystania ze\u00a0stron internetowych. Pliki te pozwalaj\u0105 rozpozna\u0107 urz\u0105dzenie u\u017cytkownika i\u00a0odpowiednio wy\u015bwietli\u0107 stron\u0119 internetow\u0105 dostosowan\u0105 do\u00a0jego indywidualnych preferencji. \u201eCookies\u201d zazwyczaj zawieraj\u0105 nazw\u0119 strony internetowej z\u00a0kt\u00f3rej pochodz\u0105, czas przechowywania ich na\u00a0urz\u0105dzeniu ko\u0144cowym oraz\u00a0unikalny numer.<\/h4>\r\n<h4 style=\"text-align: justify;\"><strong>Do\u00a0czego u\u017cywane s\u0105 pliki \u201ecookies\u201d?<\/strong><\/h4>\r\n<h4 style=\"text-align: justify;\">Pliki \u201ecookies\u201d u\u017cywane s\u0105 w\u00a0celu dostosowania zawarto\u015bci stron internetowych do\u00a0preferencji u\u017cytkownika oraz\u00a0optymalizacji korzystania ze\u00a0stron internetowych. U\u017cywane s\u0105 r\u00f3wnie\u017c w\u00a0celu tworzenia anonimowych, zagregowanych statystyk, kt\u00f3re pomagaj\u0105 zrozumie\u0107 w\u00a0jaki spos\u00f3b u\u017cytkownik korzysta ze\u00a0stron internetowych co umo\u017cliwia ulepszanie ich struktury i\u00a0zawarto\u015bci, z\u00a0wy\u0142\u0105czeniem personalnej identyfikacji u\u017cytkownika.<\/h4>\r\n<h4 style=\"text-align: justify;\"><strong>Rodzaje plik\u00f3w cookies, kt\u00f3re wykorzystujemy<\/strong><\/h4>\r\n<h4 style=\"text-align: justify;\">Z\u00a0uwagi na\u00a0czas \u017cycia cookies i\u00a0innych podobnych technologii, stosujemy dwa zasadnicze rodzaje tych plik\u00f3w:<br \/>\u2022 sesyjne \u2013 pliki tymczasowe przechowywane w\u00a0urz\u0105dzeniu ko\u0144cowym U\u017cytkownika do\u00a0czasu wylogowania, opuszczenia strony internetowej i\u00a0aplikacji lub wy\u0142\u0105czenia oprogramowania (przegl\u0105darki internetowej);<br \/>Poziom ochrony przed\u00a0cookies ustawia si\u0119 w\u00a0ka\u017cdej przegl\u0105darce:<br \/>Poziom ochrony przed\u00a0cookies mo\u017cna ustawi\u0107 w\u00a0swojej przegl\u0105darce internetowej \u2013 a\u017c do\u00a0ca\u0142kowitego blokowania plik\u00f3w cookies. Zwi\u0119ksza to\u00a0poziom bezpiecze\u0144stwa i\u00a0ochrony danych, ale\u00a0mo\u017ce tak\u017ce uniemo\u017cliwia\u0107 niekt\u00f3re funkcje, np.\u00a0zalogowanie si\u0119 na\u00a0konto pocztowe.<\/h4>\r\n<h4 style=\"text-align: justify;\"><strong>Jak zmienia si\u0119 ustawienia w\u00a0najbardziej popularnych wyszukiwarkach<\/strong><\/h4>\r\n<h4 style=\"text-align: justify;\">\u2022 Google Chrome<br \/>Trzeba klikn\u0105\u0107 na\u00a0menu (w\u00a0prawym g\u00f3rnym rogu), zak\u0142adka Ustawienia &gt; Poka\u017c ustawienia zaawansowane. W\u00a0sekcji \u201ePrywatno\u015b\u0107\u201d trzeba klikn\u0105\u0107 przycisk Ustawienia tre\u015bci. W\u00a0sekcji \u201ePliki cookie\u201d mo\u017cna zmieni\u0107 nast\u0119puj\u0105ce ustawienia plik\u00f3w cookie:<br \/>Usuwanie plik\u00f3w cookie<br \/>Domy\u015blne blokowanie plik\u00f3w cookie<br \/>Domy\u015blne zezwalanie na\u00a0pliki cookie<br \/>Domy\u015blne zachowywanie plik\u00f3w cookie i\u00a0danych stron do\u00a0zamkni\u0119cia przegl\u0105darki<br \/>Okre\u015blanie wyj\u0105tk\u00f3w dla plik\u00f3w cookie z\u00a0konkretnych witryn lub domen<\/h4>\r\n<h4 style=\"text-align: justify;\">\u2022 Internet Explorer 6.0 i\u00a07.0<br \/>Z menu przegl\u0105darki (prawy g\u00f3rny r\u00f3g): Narz\u0119dzia &gt; Opcje Internetowe &gt; Prywatno\u015b\u0107, przycisk Witryny. Suwakiem ustawiamy poziom, zmian\u0119 zatwierdzamy przyciskiem OK.<\/h4>\r\n<h4 style=\"text-align: justify;\">\u2022 Mozilla Firefox<br \/>Z menu przegl\u0105darki: Narz\u0119dzia &gt; Opcje &gt; Prywatno\u015b\u0107. Uaktywni\u0107 pole Program Firefox: \u201eb\u0119dzie u\u017cywa\u0142 ustawie\u0144 u\u017cytkownika\u201d.<br \/>O ciasteczkach (cookies) decyduje zaklikanie \u2013 b\u0105d\u017a nie \u2013 pozycji Akceptuj ciasteczka.<\/h4>\r\n<h4 style=\"text-align: justify;\">\u2022 Opera<br \/>Z menu przegl\u0105darki: Narz\u0119dzie &gt; Preferencje &gt; Zaawansowane.<br \/>O ciasteczkach decyduje zaznaczenie \u2013 b\u0105d\u017a nie \u2013 pozycji Ciasteczka.<\/h4>\r\n<h4 style=\"text-align: justify;\">\u2022 Safari<br \/>W menu rozwijanym Safari trzeba wybra\u0107 Preferencje i\u00a0klikn\u0105\u0107 ikon\u0119 Bezpiecze\u0144stwo. Tu wybiera si\u0119 poziom bezpiecze\u0144stwa w\u00a0obszarze ,,Akceptuj pliki cookie\u201d.<\/h4>\r\n<\/div>\r\n","protected":false},"excerpt":{"rendered":"<p>Polityka dotycz\u0105ca cookies i\u00a0podobnych technologii Polityka plik\u00f3w cookies Serwis gopsbejsce.pl u\u017cywa plik\u00f3w cookies i\u00a0podobnych technologii m.in.\u00a0po to, by\u00a0dostosowa\u0107 serwis do\u00a0potrzeb u\u017cytkownik\u00f3w, i\u00a0w\u00a0celach statystycznych. Czym s\u0105 pliki \u201ecookies\u201d? Poprzez pliki \u201ecookies\u201d nale\u017cy rozumie\u0107 dane informatyczne, w\u00a0szczeg\u00f3lno\u015bci pliki tekstowe, przechowywane w\u00a0urz\u0105dzeniach ko\u0144cowych u\u017cytkownik\u00f3w przeznaczone do\u00a0korzystania ze\u00a0stron internetowych. Pliki te pozwalaj\u0105 rozpozna\u0107 urz\u0105dzenie u\u017cytkownika i\u00a0odpowiednio wy\u015bwietli\u0107 stron\u0119 internetow\u0105 [&hellip;]<\/p>\n","protected":false},"author":1,"featured_media":0,"parent":0,"menu_order":0,"comment_status":"closed","ping_status":"open","template":"","meta":{"footnotes":""},"class_list":["post-3","page","type-page","status-publish","hentry"],"_links":{"self":[{"href":"https:\/\/gops.bejsce.eu\/gops\/index.php?rest_route=\/wp\/v2\/pages\/3","targetHints":{"allow":["GET"]}}],"collection":[{"href":"https:\/\/gops.bejsce.eu\/gops\/index.php?rest_route=\/wp\/v2\/pages"}],"about":[{"href":"https:\/\/gops.bejsce.eu\/gops\/index.php?rest_route=\/wp\/v2\/types\/page"}],"author":[{"embeddable":true,"href":"https:\/\/gops.bejsce.eu\/gops\/index.php?rest_route=\/wp\/v2\/users\/1"}],"replies":[{"embeddable":true,"href":"https:\/\/gops.bejsce.eu\/gops\/index.php?rest_route=%2Fwp%2Fv2%2Fcomments&post=3"}],"version-history":[{"count":1,"href":"https:\/\/gops.bejsce.eu\/gops\/index.php?rest_route=\/wp\/v2\/pages\/3\/revisions"}],"predecessor-version":[{"id":17,"href":"https:\/\/gops.bejsce.eu\/gops\/index.php?rest_route=\/wp\/v2\/pages\/3\/revisions\/17"}],"wp:attachment":[{"href":"https:\/\/gops.bejsce.eu\/gops\/index.php?rest_route=%2Fwp%2Fv2%2Fmedia&parent=3"}],"curies":[{"name":"wp","href":"https:\/\/api.w.org\/{rel}","templated":true}]}}